7*t**2 + 5*t - 6. Let l be s(6). Let p = l + 43. What are the prime factors of p?
31
Suppose -q + 17 = 1. What are the prime factors of q?
2
Suppose -188 = 5*k - 538. List the prime factors of k.
2, 5, 7
Let z = 2 - -7. Suppose -3 = -f + y + 6, -3*y + z = 0. List the prime factors of f.
2, 3
Let g = 0 - -6. What are the prime factors of (-2)/(g/15*-1)?
5
Suppose 21*l + 15 = 16*l. Suppose -3 + 1 = -2*u. Let t = u - l. What are the prime factors of t?
2
Let r(c) = c. Let w be r(5). Suppose -4 = -j + 5*t - 23, 3*t = w*j - 15. List the prime factors of j.
2, 3
Suppose 5*v - 3 = 4*r + 6, 2*r = 8. Suppose -3*m = -v*t + 59, -2*m + 36 = 2*t + 3*m. What are the prime factors of t?
13
Let h(t) = 3*t**2 + 4*t + 6. Let l be h(-4). Suppose -5*a + l + 22 = 0. Suppose 0 = -2*x - 2 + a. List the prime factors of x.
5
Suppose -4*u + 9*u = 2*x + 61, -u + 2*x + 9 = 0. Let c = 42 - u. List the prime factors of c.
29
Let j be -12 + (-1 + 0)*-1. Let v = j + 7. Let k = v - -9. List the prime factors of k.
5
List the prime factors of (-2979)/(-12) + (-5)/20.
2, 31
Suppose 4*y + 2*y - 720 = 0. What are the prime factors of y?
2, 3, 5
Let p(x) = 4*x**2 + x + 2. Let l(w) = -7*w**2 - w - 3. Let o(s) = -3*l(s) - 5*p(s). List the prime factors of o(7).
2, 17
Suppose 6 = v + 3. What are the prime factors of v?
3
Let g(b) = b**2 + 3*b - 9. List the prime factors of g(4).
19
Let w = 144 - 96. What are the prime factors of w?
2, 3
Let b(i) = 4*i + 11. What are the prime factors of b(5)?
31
Let c(h) = -2*h - 5. Let n be c(-4). List the prime factors of (n/(-3))/(-1) + 7.
2
Let l(b) = -7*b + b**3 - 9 - b**2 + 3 + 5*b**2. Let k be l(-5). Suppose -k = -5*m + 6. List the prime factors of m.
2
Suppose 8*q - 4*q - 40 = 0. Suppose a = -2*a - 24. Let i = q + a. What are the prime factors of i?
2
Let v(s) = -s - 6. Let i(q) = -1. Let y(o) = -5*i(o) - v(o). What are the prime factors of y(-5)?
2, 3
Suppose 13*a = 3987 + 589. What are the prime factors of a?
2, 11
Let r = 7 + -6. Suppose 3*o - r - 5 = 0. What are the prime factors of o?
2
Suppose -5*b = 94 - 4. Let r = -3 - b. List the prime factors of r.
3, 5
Suppose -154 = -3*d + 2. Let i = 76 - d. What are the prime factors of i?
2, 3
Suppose z = 2*z - 3. What are the prime factors of (14 - -1) + (1 - z)?
13
Let y(f) = -f**3 + 2*f**2 + 6*f - 3. Let l be y(4). Let x = l + 20. What are the prime factors of x?
3
Let u(r) = -r - 3. Let z be u(-3). Let f(s) = s**2 - s + 13. What are the prime factors of f(z)?
13
Suppose a + 45 = -4*a. Let u = 15 - a. What are the prime factors of u?
2, 3
Let q(u) = u**3 + 11*u**2 + 12*u. List the prime factors of q(-8).
2, 3
Let n(b) = -10*b**2 - 2*b - 2. Let z(l) = -1. Let a(g) = -n(g) + z(g). What are the prime factors of a(-1)?
3
Suppose 3*g + 414 - 126 = 5*j, 5*g - 52 = -j. What are the prime factors of j?
3, 19
Suppose -5*j = 5*v - 280, -j + 2*j + 3*v = 52. What are the prime factors of j?
2, 29
Suppose -4*t + m + 25 = 0, 5*t - 3*m - 39 - 1 = 0. What are the prime factors of ((-255)/(-6))/t*2?
17
Suppose -7 = 4*b + 9. What are the prime factors of 4*b/(-8) - 0?
2
Let u(s) = -s**2 + 8*s + 2. Let j be u(8). Let m(d) = d**2 - 8*d + 6. Let h be m(8). Suppose -h - j = -x. List the prime factors of x.
2
Let h(b) = -2*b - 4. Let l(z) = -z**3 + 10*z**2 - 6. Let d be l(10). List the prime factors of h(d).
2
Let o(v) = v - 5. Let u be o(8). Suppose -g - 1 = -u. Suppose -g*l = -5*f - 29, -l + 4*f = 2*f - 12. What are the prime factors of l?
2
Suppose x - c = 2*c + 16, -8 = -x + c. Suppose k + 4*k - r - 115 = 0, 3*k + x*r = 92. What are the prime factors of k?
2, 3
Let p(q) = q**3 + 4*q**2 + 2*q + 2. Let t be p(-5). Let v = -20 - t. List the prime factors of v.
13
Let a(s) = s**2 + 8*s - 13. Let w be a(-10). What are the prime factors of 2/(w/(420/8))?
3, 5
Let n(q) = -q**2 + 8*q + 2. What are the prime factors of n(5)?
17
Let x(o) = -o**3 - 7*o**2 - 10*o - 8. Suppose -4 = 4*p, -3*w - p = -0*w + 19. List the prime factors of x(w).
2
Let l(n) = n - 1. Let g = 17 - 11. List the prime factors of l(g).
5
Let x = -9 + -3. Let f be (x/7)/((-2)/14). Suppose 2*c - f = 12. List the prime factors of c.
2, 3
Let c = -121 + 84. Let w = c + 60. List the prime factors of w.
23
Let n be (1 + -2)*1 + -1. What are the prime factors of 412/28 - n/7?
3, 5
Let u be 39*((-8)/6 + 2). Suppose -4*x = -2*d + u, -5*x + 31 = 2*d - 4. List the prime factors of d.
3, 5
What are the prime factors of (-150)/(-18) - 2/(-3)?
3
Suppose 2*d + 0 + 4 = 0. Let v be -4 - (-4 - -3)/1. What are the prime factors of 7 - 2 - (v - d)?
2, 3
Let n(q) = 4*q + 3. Let d be n(-5). Let u = 53 + -21. Let g = u + d. List the prime factors of g.
3, 5
Suppose -5 + 38 = -z. Let h = -3 - z. Suppose -l = 4*l - h. What are the prime factors of l?
2, 3
Suppose 3*d + 38 = 3*l - 7, -l + 4*d + 24 = 0. Let m = l + -10. List the prime factors of ((-24)/(-15))/(m/15).
2, 3
Suppose 4*p + 4 = 6*p. Suppose 5*q - 2*f + 8 = -p, -4*f - 8 = 4*q. Let c = 1 - q. What are the prime factors of c?
3
Let d(x) = -x**2 - 4 + 5*x + 1 + 4. Let r = 7 + -3. What are the prime factors of d(r)?
5
Let v(t) = -37*t + 5. Let b be v(11). List the prime factors of 6/10 + b/(-30).
2, 7
Let w = 2 + 35. What are the prime factors of w?
37
Let m be (-1)/6 - 1/(-6). List the prime factors of (m + 30)*(-2)/(-6).
2, 5
Let g(n) = 4*n + 2. Let a(u) = 2*u**2 - 1. Let o be a(1). Suppose -9 = -4*m + t, 4*t - t = -2*m + o. What are the prime factors of g(m)?
2, 5
Suppose -b - 6 = -1. Let a(y) = -y**2 - 7*y - 1. List the prime factors of a(b).
3
Suppose 5*i - 168 = -m, 5*i = 7*m - 2*m + 180. Let v = -6 - -28. Let b = i - v. List the prime factors of b.
2, 3
Let q = 23 + -10. What are the prime factors of q?
13
Let w(n) be the first derivative of n**3/3 - 3*n**2/2 - 2*n - 1. Let l be w(9). Suppose 80 = 4*h - 3*r, l = 3*h - 5*r - 8. What are the prime factors of h?
2, 5
Suppose -38 - 26 = -2*m. What are the prime factors of m?
2
Let v = 668 - 128. What are the prime factors of (4/6)/(8/v)?
3, 5
Suppose -d = -0*d - 34. List the prime factors of d.
2, 17
Let w(a) = a - 6. Let l be w(8). Suppose -4*u + 21 = -3*u. Suppose l*b - 2*s - 3 = u, b - 20 = 5*s. List the prime factors of b.
2, 5
Let i be 3/12 - (-19)/4. Suppose i*z - 1 - 29 = 0. List the prime factors of z.
2, 3
Let b(x) be the second derivative of x**5/20 - 2*x**4/3 - 7*x**3/6 - 3*x**2 + x. Let a be (3*-3)/(2/(-2)). What are the prime factors of b(a)?
2, 3
Let p(u) = 3*u**2 + u**3 - 2*u**2 + 5*u**2 + 7*u + 4 + 1. What are the prime factors of p(-4)?
3
Let n(p) = -p**2 - 5*p - 5. Let l be n(-4). List the prime factors of l/((0 - -1)/(-2)).
2
Suppose -6*k + 2*k = 0. Let w be (-5)/(1/(k + 1)). Let x = 10 + w. What are the prime factors of x?
5
Suppose -30 = 5*v - 6*v. What are the prime factors of v?
2, 3, 5
Let b be (18/(-4))/((-1)/14). Suppose 5*a + 8 = b. List the prime factors of a/4 + 6/24.
3
Let b(k) = -2*k - 5. Let i be b(-4). List the prime factors of i - (16 + 1)/(-1).
2, 5
Suppose t = 14 - 3. Suppose -t = -q + c + 1, 0 = -3*q - 4*c + 22. What are the prime factors of q?
2, 5
Let p(z) = -7*z + 23. What are the prime factors of p(-16)?
3, 5
Let a(y) = 6*y**2 + 9. What are the prime factors of a(-6)?
3, 5
Let j(m) = -m + 14. Let l be j(0). List the prime factors of l + 3/9*0.
2, 7
Suppose 0*i - 2*j = 2*i - 34, -2*j - 20 = -i. Let l be 92/9 + (-4)/i. Suppose l = 4*t - 2*t. List the prime factors of t.
5
Let v(d) = 18*d**2 - d + 1. Let o = -5 + 9. Suppose 0 = 4*x - o. List the prime factors of v(x).
2, 3
Let s = 4 - -5. Let k = s - 2. Let m = k + -3. List the prime factors of m.
2
Let k(w) = -w**2 + 7*w - 8. Let l be k(6). What are the prime factors of -2 - 12*(l + 1)?
2, 5
Let p(f) = -f**3 - 5*f**2 - 6*f - 5. Let d = 1 + 6. Suppose -v = -w - d, 4*w - w + 5*v = 3. List the prime factors of p(w).
3
Let k(m) = 4*m**2 - 2*m + 11. Let o(f) = -f**2 - 1. Let h(x) = -k(x) - 6*o(x). What are the prime factors of h(-4)?
19
Let y(g) = -g + 1. Let o be y(-1). Suppose -z - o = -7. What are the prime factors of z?
5
Suppose -5*x + 9 = -1. Let d = 1 - 1. List the prime factors of ((d - x) + 12)/1.
2, 5
Let l be (3/6)/((-4)/(-24)). Suppose 0*j - l*j + 51 = 0. List the prime factors of j.
17
Let t be -3*2/3 + 18. Suppose 0 = 4*d + 4, 2*r - 4*d - 7 = 51. Let n = r - t. What